{"id":53,"date":"2024-10-23T02:01:41","date_gmt":"2024-10-23T02:01:41","guid":{"rendered":"https:\/\/julianulloa.iemtapolicarpasalavarrieta.cloud\/?page_id=53"},"modified":"2024-10-23T02:02:54","modified_gmt":"2024-10-23T02:02:54","slug":"mi-emprendimiento","status":"publish","type":"page","link":"https:\/\/julianulloa.iemtapolicarpasalavarrieta.cloud\/index.php\/mi-emprendimiento\/","title":{"rendered":"mi emprendimiento"},"content":{"rendered":"\n<p>Nombre de la empresa CALIROSS&#8230;&#8230;&#8230;&#8230;&#8230;&#8230;CALIROSS es un nombre que refleja la esencia de la empresa en la cual hemos estado trabajando&#8221;CALI&#8221; es una peque\u00f1a simplificaci\u00f3n de &#8220;calidad&#8221;, lo que indica que nuestra empresa se compromete a ofrecer productos de alta calidad. Esto es fundamental en la industria av\u00edcola y el mercado competitivo donde nos vamos a desarrollar, donde la calidad del pollo puede afectar directamente la salud y la satisfacci\u00f3n del consumidor y del ciente en general en nuestro entorno.La segunda parte del nombre, &#8220;ROSS&#8221;, hace referencia a la raza del pollo. La raza Ross es conocida por su alta calidad y productividad en lo que buscamos en los antecedentes, lo que la convierte en una opci\u00f3n popular entre los productores de pollo y como tal nosotros. Al incluir &#8220;ROSS&#8221; en nuestro nombre, CALIROSS est\u00e1 destacando su compromiso con la excelencia gen\u00e9tica y la eficiencia en la producci\u00f3n de estos deliciosos pollos.En conjunto, nuestro nombre empresarial CALIROSS transmite un mensaje claro: calidad y excelencia en la producci\u00f3n de pollo. La empresa la buscaremos posicionar como una opci\u00f3n confiable y responsable para los consumidores que buscan productos av\u00edcolas de alta calidad. El nombre CALIROSS es una de nuestras tantas promesas de calidad y compromiso con la excelencia, lo que puede generar confianza y lealtad en nuestros futuros clientes \ud83d\ude42\ud83d\ude42\ud83d\ude42  JUSTIFICACI\u00d3N DEL NOMBRE DE SU EMPRESA&#8230;&#8230;&#8230;&#8230;&#8230;CALIROSS es un nombre bastante estrategico y poco invasivo que combina &#8220;calidad&#8221; y &#8220;raza Ross&#8221;, creando una asociaci\u00f3n instant\u00e1nea con excelencia y la  eficiencia en  nuestra producci\u00f3n av\u00edcola. Dise\u00f1ado con psicolog\u00eda empresarial y marketing seg\u00fan lo visto con nuestra docente, es f\u00e1cil de recordar, genera confianza y conecta emocionalmente con clientes. Una marca s\u00f3lida y memorable.que m\u00e1s que una marca se convierte en un sello compacto <\/p>\n\n\n\n<p><\/p>\n","protected":false},"excerpt":{"rendered":"<p>Nombre de la empresa CALIROSS&#8230;&#8230;&#8230;&#8230;&#8230;&#8230;CALIROSS es un nombre que refleja la esencia de la empresa en la cual hemos estado trabajando&#8221;CALI&#8221; es una peque\u00f1a simplificaci\u00f3n de &#8220;calidad&#8221;, lo que indica que nuestra empresa se compromete a ofrecer productos de alta calidad. Esto es fundamental en la industria av\u00edcola y el mercado competitivo donde nos vamos &#8230; <a href=\"https:\/\/julianulloa.iemtapolicarpasalavarrieta.cloud\/index.php\/mi-emprendimiento\/\" class=\"more-link\">Read More<span class=\"screen-reader-text\"> &#8220;mi emprendimiento&#8221;<\/span> &raquo;<\/a><\/p>\n","protected":false},"author":1,"featured_media":0,"parent":0,"menu_order":0,"comment_status":"closed","ping_status":"closed","template":"","meta":{"footnotes":""},"_links":{"self":[{"href":"https:\/\/julianulloa.iemtapolicarpasalavarrieta.cloud\/index.php\/wp-json\/wp\/v2\/pages\/53"}],"collection":[{"href":"https:\/\/julianulloa.iemtapolicarpasalavarrieta.cloud\/index.php\/wp-json\/wp\/v2\/pages"}],"about":[{"href":"https:\/\/julianulloa.iemtapolicarpasalavarrieta.cloud\/index.php\/wp-json\/wp\/v2\/types\/page"}],"author":[{"embeddable":true,"href":"https:\/\/julianulloa.iemtapolicarpasalavarrieta.cloud\/index.php\/wp-json\/wp\/v2\/users\/1"}],"replies":[{"embeddable":true,"href":"https:\/\/julianulloa.iemtapolicarpasalavarrieta.cloud\/index.php\/wp-json\/wp\/v2\/comments?post=53"}],"version-history":[{"count":1,"href":"https:\/\/julianulloa.iemtapolicarpasalavarrieta.cloud\/index.php\/wp-json\/wp\/v2\/pages\/53\/revisions"}],"predecessor-version":[{"id":54,"href":"https:\/\/julianulloa.iemtapolicarpasalavarrieta.cloud\/index.php\/wp-json\/wp\/v2\/pages\/53\/revisions\/54"}],"wp:attachment":[{"href":"https:\/\/julianulloa.iemtapolicarpasalavarrieta.cloud\/index.php\/wp-json\/wp\/v2\/media?parent=53"}],"curies":[{"name":"wp","href":"https:\/\/api.w.org\/{rel}","templated":true}]}}